{"id":124,"date":"2016-06-10T15:02:50","date_gmt":"2016-06-10T15:02:50","guid":{"rendered":"http:\/\/themes.pixeldima.com\/okab\/business\/?page_id=22"},"modified":"2017-08-11T10:57:49","modified_gmt":"2017-08-11T10:57:49","slug":"presentation","status":"publish","type":"page","link":"https:\/\/zomra.dz\/index.php\/fr\/presentation\/","title":{"rendered":"PRESENTATION"},"content":{"rendered":"<p>[vc_row top_and_bottom_padding=&#8221;0px&#8221; left_and_right_padding=&#8221;&#8221; bg_type=&#8221;&#8221; class=&#8221;&#8221; style=&#8221;&#8221;][vc_column animation=&#8221;fadeInLeft&#8221; delay=&#8221;400&#8243; delay_offset=&#8221;&#8221; bg_type=&#8221;&#8221; min_height=&#8221;&#8221; top_and_bottom_padding=&#8221;&#8221; left_and_right_padding=&#8221;&#8221; width=&#8221;2\/3&#8243; id=&#8221;&#8221; class=&#8221;&#8221; style=&#8221;&#8221;]<div  class=\"dima-clear\" style=\"padding-bottom:50px\"><\/div><h2  class=\"dima-custom-heading\" >L&#8217;entreprise<\/h2><h5>ZOMRA est le fruit de la collaboration entre :<\/h5>\n[\/vc_column][vc_column animation=&#8221;fadeInUp&#8221; delay=&#8221;600&#8243; delay_offset=&#8221;&#8221; bg_type=&#8221;&#8221; min_height=&#8221;&#8221; top_and_bottom_padding=&#8221;&#8221; left_and_right_padding=&#8221;&#8221; width=&#8221;1\/3&#8243; id=&#8221;&#8221; class=&#8221;&#8221; style=&#8221;&#8221;]<div  class=\"dima-clear\" style=\"padding-bottom:10px\"><\/div><div class=\"column-item overflow-hidden text-center apply-gray\"><img decoding=\"async\" width=\"200\" height=\"200\"  class=\"dima-img \" src=\"https:\/\/zomra.dz\/wp-content\/uploads\/2017\/04\/Zomra-logo-e1492559656185.png\"   alt=\"\"><\/div><div  class=\"dima-clear\" style=\"padding-bottom:30px\"><\/div>[\/vc_column][\/vc_row][vc_row no_margin=&#8221;true&#8221; full_width=&#8221;full_width&#8221; dark=&#8221;true&#8221; top_and_bottom_padding=&#8221;&#8221; left_and_right_padding=&#8221;&#8221; bg_type=&#8221;&#8221; class=&#8221;&#8221; style=&#8221;&#8221;][vc_column css_animation=&#8221;none&#8221; delay=&#8221;&#8221; delay_offset=&#8221;&#8221; bg_type=&#8221;bg_color&#8221; min_height=&#8221;&#8221; top_and_bottom_padding=&#8221;6.250em&#8221; left_and_right_padding=&#8221;6.250em&#8221; sd=&#8221;12&#8243; width=&#8221;1\/3&#8243; id=&#8221;&#8221; class=&#8221;no-bottom-margin&#8221; style=&#8221;&#8221; bg_color=&#8221;#c5d3d8&#8243;]<h3  class=\"dima-custom-heading\" >Le Groupe BENHAMADI<\/h3><p>Avec un d\u00e9veloppement fulgurant et une couverture du march\u00e9 tant au niveau national qu&#8217;international<\/p>\n<div  class=\"dima-clear\" style=\"padding-bottom:170px\"><\/div>[\/vc_column][vc_column delay=&#8221;&#8221; delay_offset=&#8221;&#8221; bg_type=&#8221;bg_color&#8221; min_height=&#8221;&#8221; top_and_bottom_padding=&#8221;6.250em&#8221; left_and_right_padding=&#8221;6.250em&#8221; sd=&#8221;12&#8243; width=&#8221;1\/3&#8243; id=&#8221;&#8221; class=&#8221;no-bottom-margin&#8221; style=&#8221;&#8221; bg_color=&#8221;#e9f1f7&#8243;]<h3  class=\"dima-custom-heading\" >ETS. Rafik BENDIA<\/h3><p>Bureau d&#8217;ing\u00e9nierie et de r\u00e9alisation avec des r\u00e9f\u00e9rences notamment dans le domaine des machines de production de produits en b\u00e9ton &#8220;centrales \u00e0 b\u00e9ton, production de bloc en b\u00e9ton, buses&#8230;&#8221;, machines de production d&#8217;aliments de b\u00e9tails, machines de production de produits en plastique&#8230;<\/p>\n<p>&nbsp;<\/p>\n<div  class=\"dima-clear\" style=\"padding-bottom:31px\"><\/div>[\/vc_column][\/vc_row]<\/p>\n","protected":false},"excerpt":{"rendered":"<p>[vc_row top_and_bottom_padding=&#8221;0px&#8221; left_and_right_padding=&#8221;&#8221; bg_type=&#8221;&#8221; class=&#8221;&#8221; style=&#8221;&#8221;][vc_column animation=&#8221;fadeInLeft&#8221; delay=&#8221;400&#8243; delay_offset=&#8221;&#8221; bg_type=&#8221;&#8221; min_height=&#8221;&#8221; top_and_bottom_padding=&#8221;&#8221; left_and_right_padding=&#8221;&#8221; width=&#8221;2\/3&#8243; id=&#8221;&#8221; class=&#8221;&#8221; style=&#8221;&#8221;][\/vc_column][vc_column animation=&#8221;fadeInUp&#8221; delay=&#8221;600&#8243; delay_offset=&#8221;&#8221; bg_type=&#8221;&#8221; min_height=&#8221;&#8221; top_and_bottom_padding=&#8221;&#8221; left_and_right_padding=&#8221;&#8221; width=&#8221;1\/3&#8243; id=&#8221;&#8221; class=&#8221;&#8221; style=&#8221;&#8221;][\/vc_column][\/vc_row][vc_row no_margin=&#8221;true&#8221; full_width=&#8221;full_width&#8221; dark=&#8221;true&#8221; top_and_bottom_padding=&#8221;&#8221; left_and_right_padding=&#8221;&#8221; bg_type=&#8221;&#8221; class=&#8221;&#8221; style=&#8221;&#8221;][vc_column css_animation=&#8221;none&#8221; delay=&#8221;&#8221; delay_offset=&#8221;&#8221; bg_type=&#8221;bg_color&#8221; min_height=&#8221;&#8221; top_and_bottom_padding=&#8221;6.250em&#8221; left_and_right_padding=&#8221;6.250em&#8221; sd=&#8221;12&#8243; width=&#8221;1\/3&#8243; id=&#8221;&#8221; class=&#8221;no-bottom-margin&#8221; style=&#8221;&#8221; bg_color=&#8221;#c5d3d8&#8243;][\/vc_column][vc_column delay=&#8221;&#8221; delay_offset=&#8221;&#8221; bg_type=&#8221;bg_color&#8221; min_height=&#8221;&#8221; top_and_bottom_padding=&#8221;6.250em&#8221; left_and_right_padding=&#8221;6.250em&#8221; [&hellip;]<\/p>\n","protected":false},"author":1,"featured_media":0,"parent":0,"menu_order":0,"comment_status":"closed","ping_status":"closed","template":"","meta":{"footnotes":""},"class_list":["post-124","page","type-page","status-publish","hentry"],"_links":{"self":[{"href":"https:\/\/zomra.dz\/index.php\/wp-json\/wp\/v2\/pages\/124","targetHints":{"allow":["GET"]}}],"collection":[{"href":"https:\/\/zomra.dz\/index.php\/wp-json\/wp\/v2\/pages"}],"about":[{"href":"https:\/\/zomra.dz\/index.php\/wp-json\/wp\/v2\/types\/page"}],"author":[{"embeddable":true,"href":"https:\/\/zomra.dz\/index.php\/wp-json\/wp\/v2\/users\/1"}],"replies":[{"embeddable":true,"href":"https:\/\/zomra.dz\/index.php\/wp-json\/wp\/v2\/comments?post=124"}],"version-history":[{"count":55,"href":"https:\/\/zomra.dz\/index.php\/wp-json\/wp\/v2\/pages\/124\/revisions"}],"predecessor-version":[{"id":748,"href":"https:\/\/zomra.dz\/index.php\/wp-json\/wp\/v2\/pages\/124\/revisions\/748"}],"wp:attachment":[{"href":"https:\/\/zomra.dz\/index.php\/wp-json\/wp\/v2\/media?parent=124"}],"curies":[{"name":"wp","href":"https:\/\/api.w.org\/{rel}","templated":true}]}}